 4842004?
8
What is the ten thousands digit of 31604?
3
What is the units digit of 13311366?
6
What is the ten thousands digit of 12506001?
0
What is the units digit of 285679?
9
What is the tens digit of 184608?
0
What is the thousands digit of 11871235?
1
What is the millions digit of 7141107?
7
What is the units digit of 12860?
0
What is the ten thousands digit of 1906579?
0
What is the hundreds digit of 3806651?
6
What is the millions digit of 2323960?
2
What is the ten thousands digit of 17779935?
7
What is the hundred thousands digit of 5100322?
1
What is the thousands digit of 23879382?
9
What is the hundred thousands digit of 920383?
9
What is the ten thousands digit of 974366?
7
What is the ten thousands digit of 584781?
8
What is the tens digit of 24530601?
0
What is the hundred thousands digit of 14491204?
4
What is the thousands digit of 280934?
0
What is the ten thousands digit of 922082?
2
What is the hundred thousands digit of 11219001?
2
What is the hundreds digit of 1926936?
9
What is the units digit of 27452845?
5
What is the hundreds digit of 436845?
8
What is the tens digit of 345312?
1
What is the hundreds digit of 8831228?
2
What is the tens digit of 131423?
2
What is the hundred thousands digit of 26491798?
4
What is the tens digit of 93433?
3
What is the millions digit of 2110965?
2
What is the thousands digit of 7018046?
8
What is the hundred thousands digit of 1223727?
2
What is the thousands digit of 1469?
1
What is the millions digit of 2145405?
2
What is the hundreds digit of 1074740?
7
What is the tens digit of 3766284?
8
What is the units digit of 11187989?
9
What is the tens digit of 9253469?
6
What is the units digit of 7913801?
1
What is the millions digit of 1875940?
1
What is the hundreds digit of 3153646?
6
What is the millions digit of 19893579?
9
What is the units digit of 516707?
7
What is the thousands digit of 620559?
0
What is the units digit of 875876?
6
What is the thousands digit of 3456954?
6
What is the hundred thousands digit of 1680884?
6
What is the tens digit of 387426?
2
What is the ten thousands digit of 214803?
1
What is the hundred thousands digit of 8306567?
3
What is the hundred thousands digit of 3711428?
7
What is the ten thousands digit of 76182?
7
What is the units digit of 45449?
9
What is the hundred thousands digit of 368344?
3
What is the thousands digit of 1730961?
0
What is the hundred thousands digit of 957393?
9
What is the thousands digit of 2823794?
3
What is the tens digit of 677076?
7
What is the hundreds digit of 15790?
7
What is the tens digit of 3134188?
8
What is the thousands digit of 692517?
2
What is the thousands digit of 10772959?
2
What is the tens digit of 78955?
5
What is the ten thousands digit of 258839?
5
What is the ten thousands digit of 35291249?
9
What is the ten thousands digit of 664045?
6
What is the units digit of 1252422?
2
What is the hundred thousands digit of 221257?
2
What is the millions digit of 1022782?
1
What is the hundred thousands digit of 1398638?
3
What is the millions digit of 3068192?
3
What is the tens digit of 670145?
4
What is the tens digit of 60135?
3
What is the hundreds digit of 7211683?
6
What is the millions digit of 4754131?
4
What is the units digit of 9158958?
8
What is the millions digit of 5574043?
5
What is the tens digit of 202647?
4
What is the tens digit of 925686?
8
What is the millions digit of 22336926?
2
What is the units digit of 72025?
5
What is the tens digit of 1752226?
2
What is the hundred thousands digit of 678143?
6
What is the millions digit of 1774309?
1
What is the hundred thousands digit of 341536?
3
What is the hundreds digit of 5231573?
5
What is the ten thousands digit of 292247?
9
What is the hundred thousands digit of 3753793?
7
What is the ten thousands digit of 560516?
6
What is the hundreds digit of 113191?
1
What is the ten millions digit of 17185917?
1
What is the tens digit of 257803?
0
What is the thousands digit of 818669?
8
What is the ten thousands digit of 8258008?
5
What is the tens digit of 8156971?
7
What is the thousands digit of 8138404?
8
What is the tens digit of 27849?
4
What is the thousands digit of 203012?
3
What is the hundred thousands digit of 222680?
2
What is the tens digit of 1827795?
9
What is the hundreds digit of 31854278?
2
What is the ten thousands digit of 184361?
8
What is the hundred thousands digit of 6605656?
6
What is the hundreds digit of 110837?
8
What is the tens digit of 332392?
9
What is the hundred thousands digit of 6266926?
2
What is the thousands digit of 8934449?
4
What is the ten thousands digit of 8974798?
7
What is the hundred thousands digit of 9851053?
8
What is the hundred thousands digit of 396453?
3
What is the hundreds digit of 682860?
8
What is the hundreds digit of 246031?
0
What is the units digit of 418173?
3
What is the hundreds digit of 143832?
8
What is the thousands digit of 985409?
5
What is the hundred thousands digit of 4210039?
2
What is the tens digit of 8185331?
3
What is the tens digit of 936004?
0
What is the ten thousands digit of 658532?
5
What is the thousands digit of 202540?
2
What is the tens digit of 1455692?
9
What is the thousands digit of 20624298?
4
What is the hundred thousands digit of 14173593?
1
What is the thousands digit of 5174308?
4
What is the hundreds digit of 382008?
0
What is the hundreds digit of 726221?
2
What is the hundreds digit of 1661751?
7
What is the tens digit of 213082?
8
What is the units digit of 9350273?
3
What is the hundred thousands digit of 33534108?
5
What is the millions digit of 15075205?
5
What is the thousands digit of 54308?
4
What is the hundred thousands digit of 5164493?
1
What is the units digit of 354165?
5
What is the hundreds digit of 561000?
0
What is the tens digit of 280542?
4
What is the hundred thousands digit of 2357174?
3
What is the ten millions digit of 17298160?
1
What is the hundreds digit of 4397420?
4
What is the hundred thousands digit of 243010?
2
What is the units digit of 62248?
8
What is the tens digit of 17998511?
1
What is the ten thousands digit of 260557?
6
What is the hundred thousands digit of 598252?
5
What is the units digit of 271722?
2
What is the thousands digit of 3084717?
4
What is the millions digit of 4716226?
4
What is the units digit of 609450?
0
What is the thousands digit of 4290921?
0
What is the tens digit of 46139?
3
What is the ten thousands digit of 23100740?
0
What is the thousands digit of 783980?
3
What is the units digit of 2128836?
6
What is the ten thousands digit of 5177283?
7
What is the hundred thousands digit of 4539808?
5
What is the hundred thousands digit of 371214?
3
What is the thousands digit of 511455?
1
What is the ten thousands digit of 304696?
0
What is the hundred thousands digit of 3132112?
1
What is the thousands digit of 2068387?
8
What is the tens digit of 89375?
7
What is the hundred thousands digit of 152184?
1
What is the units digit of 362315?
5
What is the units digit of 46277?
7
What is the units digit of 451791?
1
What is the ten thousands digit of 21940?
2
What is the thousands digit of 127820?
7
What is the millions digit of 32901879?
2
What is the units digit of 603057?
7
What is the ten thousands digit of 3597159?
9
What is the ten thousands digit of 633739?
3
What is the ten thousands digit of 2231207?
3
What is the millions digit of 1236407?
1
What is the hundreds digit of 7327139?
1
What is the ten thousands digit of 381827?
8
What is the hundred thousands digit of 147498?
1
What is the tens digit of 298319?
1
What is the hundreds digit of 242504?
5
What is the tens digit of 63409?
0
What is the hundreds digit of 291071?
0
What is the tens digit of 16228157?
5
What is the tens digit of 486512?
1
What is the units digit of 7297449?
9
What is the tens digit of 8141011?
1
What is the hundreds digit of 290356?
3
What is the ten thousands digit of 6097266?
9
What is the hundreds digit of 2065074?
0
What is the tens digit of 667886?
8
What is the hundreds digit of 324534?
5
What is the tens digit of 14348479?
7
What is the hundreds digit of 273530?
5
What is the ten thousands digit of 403093?
0
What is the hundreds digit of 262897?
8
What is the tens digit of 1589574?
7
What is the thousand